e j(-3). What is the highest common divisor of h and 7881?
71
Suppose 0 = -3*r - 5*k + 3 + 12, 0 = -4*r + 3*k - 9. Suppose -h + 4*d + 6 + 126 = r, -3*h = -4*d - 412. What is the greatest common factor of h and 245?
35
Let w be ((-34)/(748/275))/((-3)/18). What is the greatest common factor of w and 15975?
75
Let v(o) = -43*o - 35. Let c be v(-1). Suppose -4*f = -f - 15. Suppose -36 - 40 = -p - 2*i, -350 = -f*p + 5*i. What is the greatest common divisor of p and c?
8
Suppose -4*h - 2*m - 141 = m, -3*h + 4*m - 112 = 0. Let x be ((-18)/h)/((1*-1)/54). Let s = x + 40. Calculate the greatest common factor of s and 13.
13
Suppose -3*z - 1338 = -2*n, 25*z = 5*n + 26*z - 3311. Calculate the greatest common divisor of n and 117.
39
Suppose 4*d = -2*p + 38, 0 = 175*d - 178*d - p + 30. Let o(v) = v**2 - 11*v + 96. Let b be o(d). Calculate the highest common factor of b and 672.
96
Suppose -4*h - 2*v = -26, -6*v = 5*h - 2*v - 25. Let q(u) = 816*u - 2427. Let w be q(3). Calculate the greatest common divisor of h and w.
3
Let j(t) = t**3 - 18*t**2 + 50*t + 5. Let i be j(15). Suppose 3*v = -2*b - v + i, 0 = -b - 5*v + 28. What is the greatest common divisor of 216 and b?
24
Suppose -o - 2*p - 126 = 0, -2*o - 16 - 224 = p. Let l = o - -361. What is the highest common divisor of l and 9?
9
Let f(j) = 21*j**3 + 266*j**2 - 1793*j. Let y be f(7). What is the highest common divisor of y and 36?
18
Let f be (-2211)/(-15) - (-21)/35. What is the greatest common divisor of 16 and f?
4
Let j be (-2)/4 - (-81)/18. Suppose 5*c - 3*a = 3*c + 515, 4 = -j*a. Calculate the greatest common divisor of 16 and c.
16
Let d = -2052 - -14921. Calculate the greatest common factor of 17 and d.
17
Let l(g) = -48*g - 69. Let q be l(-3). Let z be (132/10)/(-1*(-10)/q). What is the greatest common factor of 6 and z?
3
Let g(i) = i**2 - 8*i + 5. Let f be g(8). Suppose 6*n + 7 = f*n. Let r be 1547/49 - 3/n. Calculate the highest common divisor of r and 4.
4
Suppose -12*g + 10*g + 2*h + 11452 = 0, -h + 7 = 0. What is the greatest common factor of g and 392?
49
Let i(y) = 5*y**2 - 6*y - 2. Suppose -12*p + 25*p = -13. Let n be i(p). Calculate the greatest common factor of 3 and n.
3
Let c(v) = v**3 + 2*v**2 - 8. Let o be c(4). Let z = -108 + o. Let q be 6/z*-2*5. What is the highest common factor of 3 and q?
3
Let c be (7 - 8)/((-1)/9). Let f(k) = -4*k + 9. Let x(n) = 4*n - 7. Let b(j) = 4*f(j) + 5*x(j). Let v be b(c). What is the highest common factor of v and 333?
37
Let p = -8 - -12. Suppose -p*y = -6*y + 2, -4*l - 5*y + 13 = 0. Suppose -l*j = 5*j - 91. Calculate the highest common factor of 1 and j.
1
Let z(n) = -29*n + 5. Let q be z(-7). Suppose 21 = -l + 5*r, -5*l + 3*r + 8 - 3 = 0. Suppose l*v = 67 + 37. Calculate the highest common factor of q and v.
26
Let q = 18203 - 3978. Calculate the greatest common divisor of q and 25.
25
Let q(k) = 2*k**2 + 73*k - 16. Let z be q(-37). Suppose 0 = 3*c + 2*c + 20, f = c + 32. Calculate the highest common factor of f and z.
7
Let g be 15/(-5)*(-8)/6. Suppose 5*c - c = -8, -2*c - g = -4*q. Suppose i - 2 = q, 4*n - 18 = 2*n - 5*i. What is the highest common divisor of n and 32?
4
Suppose 2*m - 388 = -3*m - 4*l, l = 2. Let v = 1134 - 1114. Calculate the highest common factor of m and v.
4
Suppose 48*b - 2474 - 3261 = 3145. Let r(q) = q**2 - 10*q - 6. Let n be r(11). Calculate the highest common divisor of n and b.
5
Let v be (3 - -3) + -5 + 2 + -5. Let x(h) = -h + 7. Let c be x(6). Let m be -5*c/1*v. What is the highest common divisor of m and 10?
10
Let y = -14121 - -15611. What is the highest common factor of y and 10?
10
Let p be 10260/(54/9) + 18. Calculate the highest common factor of 30 and p.
6
Let v(r) be the first derivative of r**3/3 - 5*r**2 - 80*r + 5. Let w be v(18). What is the highest common factor of 8 and w?
8
Suppose 0*h - 2735712 = -168*h. Calculate the highest common divisor of h and 12.
12
Let b = -2104 + 2107. Let m = -2 - -6. Suppose m*l = -b*l + 70. What is the greatest common factor of 2 and l?
2
Let j(g) = 64*g - 41. Let y(t) = 32*t - 20. Let c(o) = 2*j(o) - 5*y(o). Let x be c(-7). Suppose 9*z - 5*z = 88. Calculate the highest common factor of x and z.
22
Suppose 2*l - 13 = 11. Let b(w) = 2*w**2 + 36*w + 15. Let v be b(-16). Let x = v + 157. What is the highest common divisor of l and x?
12
Let q = 17914 - 17905. What is the greatest common divisor of 2817 and q?
9
Suppose 40 = 2*o + 43*m - 41*m, 3*m + 3 = 0. What is the highest common factor of o and 3150?
21
Suppose -545*w = -544*w - 1062. Calculate the greatest common divisor of w and 472.
118
Let s = 4873 - 2068. What is the highest common factor of s and 153?
51
Let p(r) = r**3 - 69*r**2 - 138*r + 104. Let d be p(71). What is the highest common divisor of 5238 and d?
194
Let j be (-58421)/(-6) - ((3 - 8) + 35/6). What is the highest common factor of j and 8?
8
Suppose 3*b = -3*w - 12, -3 + 0 = -w. Let t = b + 8. Suppose -r + j - 1 = 0, -3*j + 4 + 2 = -2*r. Calculate the highest common factor of t and r.
1
Suppose -182 = -2*j - 5*x, -2*j - 364 = -6*j + 4*x. Suppose -152 = -2*t + 50. Let y = -88 + t. What is the highest common divisor of j and y?
13
Let r be (3/(-3)*-6)/2. Suppose 5*y = -4*y - 292 + 427. What is the highest common factor of y and r?
3
Let x be 1 - (0 + 2) - ((0 - 6) + -13). Calculate the highest common divisor of 954 and x.
18
Let p = -2221 - -2246. Suppose 0 = -3*k + 3. Calculate the highest common factor of p and k.
1
Let i(v) be the second derivative of v**3/3 - 7*v**2 - 11*v. Let o be i(-14). Let n = o - -130. Calculate the greatest common divisor of 8 and n.
8
Suppose 178*t = 124*t + 162. What is the greatest common factor of t and 6975?
3
Let r(b) = -6*b + 2. Let z be r(-2). Let m be (-136)/(-14) - (455/(-49) + 9). Suppose -56 = -14*p + m*p. What is the highest common divisor of p and z?
14
Suppose -r = -2*r + 2*y + 67, -4*r = y - 286. Let j = r + -76. Let a be 109 - ((j - -4) + 4). Calculate the highest common divisor of a and 159.
53
Let c = -343 - -346. Suppose -4*z - 7*r = -5*r - 34, c*z - 2*r - 43 = 0. What is the highest common divisor of z and 1331?
11
Let k(z) = -z - 1. Let c(b) = 2*b + 2. Let f(j) = -5*c(j) - 6*k(j). Let o be f(-9). Let v = o - 18. What is the highest common factor of 7 and v?
7
Suppose 795 = j + h, 5*j = 3*j + 4*h + 1578. Let d = j - 364. Calculate the greatest common factor of d and 33.
33
Suppose 1781 = 5*a + 2*v, -a - 367 = -2*a + 5*v. Let p be 12/(-3) + 33 + -8. What is the greatest common factor of p and a?
21
Suppose y - 47 + 36 = 0. Let s be 4/(-7) - 57968/(-112). Calculate the highest common divisor of y and s.
11
Let v = 29671 + -29651. What is the greatest common factor of v and 27600?
20
Let u(l) = 7*l + 464. Let r be u(-2). What is the highest common factor of r and 35?
5
Let r be 0*(-9)/135 + 12. Suppose 0 = 7*x - 360 - 18. What is the greatest common factor of x and r?
6
Let r be (-2 + 0)/(-8) + (-94)/(-8) + 3. What is the greatest common factor of r and 33?
3
Let y = -22 - -30. Suppose z - y = -2. Suppose -21*k + 594 = -10*k. Calculate the highest common divisor of k and z.
6
Suppose -c + 6*c - 15*c + 850 = 0. Calculate the highest common factor of c and 23545.
85
Suppose -4*c = -h - 323, -183 + 613 = 5*c + 4*h. Calculate the highest common divisor of c and 1763.
41
Let x be (-12)/15 - ((-27328)/(-21))/((-15)/9). What is the highest common factor of x and 3276?
156
Let p be (6/10 - (-66)/(-110)) + (-1 - -1801). What is the highest common factor of p and 144?
72
Let q be (-2)/(-1) - 16/(-6)*519. What is the greatest common factor of 98 and q?
14
Let x = -13461 + 13475. What is the highest common divisor of x and 9107?
7
Suppose 1 = m - 2. Let t(z) = -10*z - 214. Suppose -13*h + 96 = -17*h - 4*d, -h - 30 = 4*d. Let u be t(h). What is the greatest common factor of m and u?
3
Let b be (5/(-15))/(2/(-108)). Suppose 2*i + 0*i = -2*y - b, 0 = i + 3*y + 9. Let v be (-1010)/i + 4/(-18). Calculate the greatest common divisor of v and 14.
14
Let y be 89 + -88 - (-98 - 1). Suppose -3*j + 5*o + 19 = 0, 0*j + 3*o - 38 = -2*j. Suppose -x - 3 = -j. Calculate the greatest common factor of x and y.
10
Let v(n) = 555*n**2 - 2*n - 4. Let o be v(-1). Calculate the greatest common factor of o and 711.
79
Suppose 0 = 5*s + 4